reatest common factor of 13 and 6929.
13
Calculate the greatest common factor of 8466 and 102.
102
Calculate the highest common factor of 9555 and 7.
7
Calculate the greatest common factor of 74 and 481.
37
Calculate the greatest common factor of 207 and 1071.
9
What is the highest common factor of 1760 and 88?
88
Calculate the greatest common factor of 180 and 90.
90
Calculate the highest common factor of 2291 and 667.
29
Calculate the greatest common divisor of 40 and 290.
10
What is the greatest common divisor of 4 and 258?
2
What is the highest common divisor of 110 and 15180?
110
Calculate the highest common divisor of 21 and 987.
21
What is the greatest common factor of 315 and 18?
9
Calculate the highest common factor of 1 and 101.
1
What is the highest common divisor of 1350 and 54?
54
What is the highest common factor of 48 and 192?
48
What is the greatest common factor of 39 and 9?
3
What is the greatest common divisor of 5620 and 20?
20
Calculate the greatest common divisor of 424 and 1961.
53
Calculate the greatest common factor of 120 and 30.
30
What is the highest common factor of 12 and 668?
4
Calculate the highest common factor of 5675 and 250.
25
Calculate the greatest common factor of 922 and 2.
2
Calculate the greatest common factor of 43 and 8.
1
Calculate the greatest common factor of 49 and 35.
7
What is the greatest common factor of 19172 and 4?
4
Calculate the highest common divisor of 1695 and 75.
15
What is the greatest common divisor of 22 and 5104?
22
What is the greatest common factor of 8785 and 49?
7
Calculate the greatest common divisor of 14313 and 39.
39
Calculate the greatest common factor of 174 and 406.
58
What is the highest common factor of 34 and 1955?
17
What is the highest common divisor of 10 and 5585?
5
What is the greatest common factor of 1863 and 162?
81
What is the greatest common divisor of 12 and 14004?
12
What is the greatest common divisor of 1457 and 62?
31
Calculate the greatest common divisor of 88 and 286.
22
What is the highest common factor of 4185 and 27?
27
Calculate the highest common divisor of 18799 and 22.
11
What is the greatest common factor of 558 and 54?
18
Calculate the highest common factor of 10890 and 135.
45
Calculate the highest common divisor of 671 and 61.
61
What is the greatest common divisor of 5895 and 90?
45
What is the greatest common factor of 33 and 22?
11
Calculate the highest common factor of 745 and 40.
5
Calculate the greatest common divisor of 3 and 375.
3
Calculate the greatest common factor of 506 and 46.
46
What is the greatest common factor of 102 and 17?
17
What is the highest common divisor of 752 and 16?
16
What is the highest common factor of 320 and 5?
5
What is the greatest common factor of 1927 and 41?
41
What is the greatest common factor of 78 and 182?
26
What is the highest common factor of 40227 and 506?
253
Calculate the greatest common divisor of 656 and 1552.
16
What is the highest common divisor of 162 and 36?
18
Calculate the highest common divisor of 16 and 376.
8
What is the highest common divisor of 333 and 37?
37
Calculate the greatest common factor of 2064 and 5848.
344
What is the highest common factor of 1968 and 720?
48
What is the highest common divisor of 120 and 13488?
24
Calculate the highest common divisor of 384 and 24.
24
What is the greatest common factor of 52 and 2210?
26
Calculate the highest common factor of 1474 and 44.
22
Calculate the greatest common divisor of 280 and 490.
70
What is the greatest common factor of 4788 and 21?
21
What is the greatest common factor of 10 and 340?
10
Calculate the greatest common factor of 6226 and 44.
22
What is the greatest common factor of 1504 and 8836?
188
Calculate the greatest common divisor of 488 and 61.
61
Calculate the highest common divisor of 703 and 370.
37
Calculate the greatest common divisor of 198 and 99.
99
Calculate the greatest common factor of 12 and 1164.
12
Calculate the greatest common factor of 156 and 12.
12
What is the greatest common factor of 8 and 32?
8
What is the greatest common divisor of 98 and 42?
14
What is the highest common factor of 598 and 46?
46
Calculate the greatest common factor of 16 and 4.
4
What is the highest common divisor of 235 and 141?
47
What is the highest common divisor of 880 and 30?
10
What is the greatest common divisor of 54 and 13779?
9
Calculate the highest common divisor of 52 and 130.
26
Calculate the highest common factor of 2128 and 448.
112
Calculate the greatest common divisor of 481 and 13.
13
Calculate the greatest common divisor of 406 and 29.
29
What is the highest common factor of 16125 and 129?
129
Calculate the greatest common divisor of 3350 and 603.
67
Calculate the greatest common divisor of 18 and 5778.
18
Calculate the greatest common divisor of 114 and 38.
38
What is the greatest common factor of 28 and 896?
28
What is the greatest common divisor of 35 and 2905?
35
Calculate the highest common divisor of 18 and 34.
2
What is the greatest common factor of 476 and 34?
34
Calculate the greatest common factor of 903 and 774.
129
What is the greatest common factor of 480 and 540?
60
Calculate the highest common divisor of 24186 and 174.
174
What is the highest common divisor of 17 and 340?
17
Calculate the highest common divisor of 546 and 234.
78
What is the highest common factor of 104 and 260?
52
Calculate the greatest common divisor of 161 and 7.
7
What is the greatest common divisor of 1491 and 63?
21
Calculate the highest common factor of 330 and 150.
30
Calculate the greatest common divisor of 148 and 333.
37
What is the greatest common factor of 1498 and 84?
14
Calculate the greatest common factor of 312 and 60.
12
Calculate the highest common factor of 84 and 567.
21
What is the greatest common divisor of 602 and 280?
14
What is the highest common factor of 1200 and 375?
75
What is the greatest common divisor of 1616 and 303?
101
What is the highest common factor of 3328 and 48?
16
Calculate the highest common factor of 90 and 705.
15
What is the highest common factor of 2672 and 32?
16
Calculate the greatest common divisor of 7428 and 6.
6
Calculate the greatest common divisor of 14 and 175.
7
Calculate the greatest common factor of 8 and 812.
4
Calculate the highest common factor of 256 and 16.
16
Calculate the highest common factor of 32 and 1.
1
Calculate the highest common divisor of 399 and 21.
21
Calculate the highest common divisor of 34 and 306.
34
Calculate the highest common divisor of 481 and 74.
37
What is the greatest common divisor of 64 and 400?
16
What is the greatest common factor of 97256 and 8?
8
Calculate the highest common divisor of 48 and 444.
12
Calculate the highest common divisor of 976 and 16.
16
Calculate the highest common factor of 32 and 5648.
16
Calculate the greatest common factor of 728 and 56.
56
Calculate the greatest common factor of 451 and 164.
41
Calculate the greatest common factor of 1131 and 39.
39
Calculate the greatest common factor of 365 and 2117.
73
Calculate the highest common divisor of 1710 and 99.
9
Calculate the greatest common divisor of 1743 and 14.
7
Calculate the highest common divisor of 33 and 2112.
33
Calculate the highest common factor of 30 and 345.
15
Calculate the highest common factor of 20964 and 12.
12
What is the highest common divisor of 1152 and 512?
128
Calculate the highest common divisor of 420 and 119.
7
What is the highest common factor of 1298 and 33?
11
What is the highest common divisor of 130 and 1040?
130
What is the greatest common divisor of 150 and 6?
6
Calculate the highest common divisor of 99 and 63.
9
What is the highest common divisor of 2 and 140?
2
What is the highest common factor of 7387 and 89?
89
What is the greatest common factor of 5838 and 1050?
42
What is the highest common divisor of 910 and 70?
70
Calculate the highest common factor of 93 and 124.
31
Calculate the highest common factor of 12585 and 45.
15
What is the highest common factor of 882 and 18?
18
Calculate the highest common divisor of 170 and 50.
10
Calculate the highest common divisor of 248 and 24.
8
What is the highest common divisor of 506 and 198?
22
Calculate the greatest common divisor of 248 and 24.
8
Calculate the highest com